cond derivative of m(w). Is k(4) a prime number?
False
Suppose -z - 2*s = -3*z + 132, 5*z = s + 342. Is z composite?
True
Let c(j) be the third derivative of -j**6/120 - j**5/60 - j**4/8 + 2*j**3/3 - j**2. Is c(-3) prime?
True
Is (-36 + 17)*(-1 + -28) a composite number?
True
Suppose t + 2*t - 1530 = 0. Suppose -2*c - 115 = -a - 0*c, 0 = -5*a - 3*c + t. Let z = a + 58. Is z a prime number?
True
Is 255 + -1*(2 + 0) a prime number?
False
Let f(s) = -7*s**3 - s**2. Let b be f(-1). Suppose -2*h - 2*m = -4, 4*h - 2*m - b = h. Is h a prime number?
True
Let y(x) = x**2 + 2*x. Let u be y(-2). Suppose u = -c - c + 74. Is c a prime number?
True
Let z(f) be the second derivative of 2*f + 2*f**2 + 5/3*f**3 + 0. Is z(3) a composite number?
True
Let m(n) = 2*n**2 - 2*n - 4. Let u be m(7). Let r be (-34)/(-51)*6/1. Suppose -z = -b + u, -6*b + 373 = -b + r*z. Is b prime?
False
Suppose 0 = q + 4 - 1. Let u be -53*q*(-3)/9. Is -2*1/2*u prime?
True
Let b = 31 - 58. Let x = 45 + b. Let f = x + -5. Is f composite?
False
Let i(c) = 546*c**2 - 11*c + 17. Is i(2) composite?
False
Is ((-249)/4)/((-30)/80) composite?
True
Suppose 0 = -2*z - p + 43, -5*p = -z - 4*p + 23. Is z a prime number?
False
Let t(l) = l**3 + l**2 + l - 4. Is t(3) prime?
False
Suppose 2*l = 3*m - 9132, -4*m + 0*m + 4*l = -12172. Is m a composite number?
True
Let q be (0 - (2 - 1))*0. Let u(t) = q*t + 4*t - t. Is u(5) composite?
True
Let t(h) = -15*h**3 - 2*h**2 + 4*h - 13. Let b(c) = 7*c**3 + c**2 - 2*c + 6. Let f(x) = 7*b(x) + 3*t(x). Is f(2) a prime number?
False
Let h(p) = 9*p**2 - 17. Is h(-6) a prime number?
True
Let v(n) be the first derivative of n**4/4 + 5*n**3/3 + n**2/2 + 7*n + 2. Let a be v(-5). Is -1 - (a + 42)/(-2) composite?
True
Suppose 1009 = 2*c - c. Let g = c - 332. Is g a prime number?
True
Let w(z) = z**3 + 4*z**2 - 8*z - 3. Let v be w(-5). Suppose -5*o + 2*o - v = 0, -2*n + 82 = -3*o. Let f = -1 + n. Is f a prime number?
False
Suppose -5*r - 3*u + 105 = 0, 0 = -5*r + 7*r - u - 31. Is (r/12)/((-6)/(-44)) prime?
True
Let v(k) = -k**2 - 8*k - 2. Suppose 5*m + 15 = 5*f - 15, 3*f = -5*m - 38. Let u be v(m). Is ((-2)/2)/(u/(-65)) composite?
False
Let a = 35 - 20. Suppose -2*l + a = l. Suppose -j = -l*t - 3*j + 65, -2*t = -2*j - 12. Is t composite?
False
Let h(s) = 3*s**2 - 12*s - 2. Let y be h(9). Let u = y + -56. Is u a composite number?
True
Is (-2 + 1)*(1 + -8) a composite number?
False
Suppose u - 5 = 2*u, 4*b = 4*u - 12. Let z = -31 + 76. Let c = b + z. Is c composite?
False
Suppose -2*l - 9 = -5*l, 3*l = 2*c + 9. Suppose -5*w + c*w = 3*f - 189, -3*w + 111 = 3*f. Is w prime?
False
Suppose -c + 2*c = 371. Is c a prime number?
False
Let y be 1/(-3)*(-12 + 0). Suppose a - y*a - 486 = 0. Is (2 - 3)*a + 1 a composite number?
False
Let d(l) = -12*l - 1. Let y(t) = t**2 + 5*t - 4. Let f be y(-5). Is d(f) a composite number?
False
Let f(b) = 3*b**3 - 2*b**2 - 6*b - 4. Let h(g) = 10*g**3 - 7*g**2 - 18*g - 13. Let u(t) = -7*f(t) + 2*h(t). Is u(-5) a prime number?
True
Let u(c) = c**2 - 6*c + 4. Let o be u(5). Is o*(-1)/(3/33) a composite number?
False
Suppose l - 1 = 9. Is (159 - 1) + 0/l composite?
True
Suppose 0 = 3*u - 4*u + 65. Let k = -9 - u. Is k/(-4)*(-6)/(-3) prime?
True
Is 2/2 - (-5)/(15/1254) composite?
False
Suppose 3*s = 122 + 151. Is s a prime number?
False
Let x(o) = 5*o - 10. Let k = -5 - -5. Let m(h) = -h + 9. Let g be m(k). Is x(g) prime?
False
Suppose -39 = -4*j + j. Suppose -2*l + 1631 = -o, -j + 3 = -2*o. Suppose -2*q - 5*b + 321 = 0, l = 5*q - 0*b - 3*b. Is q a prime number?
True
Suppose 2692 - 589 = 3*o. Is o a prime number?
True
Let j = -662 - -2299. Is j a composite number?
False
Suppose 4*r = -4*x + 2*r + 3414, -4*r = x - 850. Let j = x - 409. Is j a prime number?
False
Let j be -116*((-6)/4 - -1). Suppose 0 = -v - 0*v + j. Is v a composite number?
True
Let v = 36 - 17. Is v composite?
False
Let a(u) = -3*u + 4. Let n(z) = 2*z - 4. Let m(f) = 5*a(f) + 6*n(f). Let h be m(-4). Suppose -3*v = -h*v + 2*w + 567, -4*w - 4 = 0. Is v composite?
False
Let g(l) = 38*l + 7. Is g(8) composite?
False
Let r be -1 + 78 + -1 + -3. Let j = r - -4. Is j a composite number?
True
Let l(o) = 9*o**2 + 3*o + 3. Let y be l(-2). Let i = -13 + y. Suppose -7*a = x - 2*a - i, -2*x + 2*a + 28 = 0. Is x composite?
True
Let j be (-2 + 5)*(-1938)/9. Let b = 1407 + j. Let d = b - 390. Is d a prime number?
False
Suppose -4*d + h + 4*h = -15, 2*d + h - 11 = 0. Let r be d*(-2 - (-2 - -1)). Is (r/(-3))/(3/153) prime?
False
Let l(u) = u**3 - 5*u**2 - 4*u + 2. Let f(w) = 4*w - 6. Let j be f(6). Suppose -5*g + j = -2*g. Is l(g) a prime number?
False
Let n = 4 - 3. Let a(t) = 54*t - 1. Is a(n) a prime number?
True
Let n(z) = 8*z**3 - 3*z**2 + 2*z + 3. Let b be n(-3). Let c = b + 348. Suppose 2*y - c = -6*g + 2*g, 5*g - 250 = -5*y. Is y a composite number?
True
Let s be -1 + -5*(3 + -2). Let v(a) = a**3 + 5*a**2 + a + 5. Let m(r) = r. Let u(q) = 4*m(q) - v(q). Is u(s) prime?
True
Let n(u) = 258*u**3 - u**2 - u + 1. Is n(1) prime?
True
Let y(v) = v + 1. Let x be y(3). Suppose g = x*g - 165. Is g composite?
True
Let f be 20/(-30)*(1 + 5). Let u(c) = -73*c - 3. Is u(f) a prime number?
False
Let n = -169 + 280. Is n a prime number?
False
Is (2*382 - 3)/(5 + -4) composite?
False
Let j be (-4)/6*(-1818)/(-12). Let g = -12 - j. Is g a composite number?
False
Suppose -3*q = 11 + 1. Let n(v) = 10*v - 4. Let l(o) = -31*o + 11. Let g(w) = 3*l(w) + 8*n(w). Is g(q) prime?
True
Let a(f) = -2*f**2 - 3*f + 8. Let v(b) = -b**2 - 2*b + 7. Let r(s) = -2*a(s) + 3*v(s). Is r(-4) composite?
True
Let z be 24*3/9*1. Is z/(-24) - 1760/(-6) composite?
False
Is (-3)/(-2) - 406/(-4) a prime number?
True
Suppose 0 + 8 = h. Let n = 76 - h. Let o = n - 43. Is o a composite number?
True
Suppose p + c = 8 + 2, -p = 2*c - 13. Suppose 0 = -b - 5*m + p, 8*b - 3*b - 9 = m. Suppose b*k - 4*k + 26 = 0. Is k a prime number?
True
Suppose -382 = -5*t + 503. Is t composite?
True
Let s = -593 - -328. Is -2 + (1 + -2)*s prime?
True
Suppose r - 7 + 2 = 0. Suppose -5*h = g - 132, 2*h = -3*h + r. Is g prime?
True
Suppose 4*b - v - 85 = 0, -5*v + 28 = b - 3*v. Is b a composite number?
True
Let c(r) = 18*r**3 + r. Is c(3) a composite number?
True
Suppose -3*k = 4*q - 209, -k = 5*q + 3*k - 261. Is q a prime number?
True
Suppose 0 = -2*h + 27 - 11. Is 2/h + 6545/44 composite?
False
Let w = 46 - -535. Is w composite?
True
Let r(s) = 500*s**2 - s. Is r(1) prime?
True
Let p(u) be the third derivative of 0*u**5 + 4*u**2 + 0 + 1/120*u**6 + 1/24*u**4 + 0*u + 1/2*u**3. Is p(0) composite?
False
Is (2/(-4))/(3/(0 - 1086)) composite?
False
Suppose -m - 3*m - 5*z = 124, -2*m - 60 = 3*z. Let p be (5/5)/((-1)/m). Suppose 0 = 2*o - p - 10. Is o prime?
True
Let j(q) = -2*q**3 - 5*q**2 + q - 1. Let y be (-10)/(3 - (-3 + 4)). Is j(y) composite?
True
Is 2/(-5) + (-144522)/(-30) composite?
False
Let y = -310 + 437. Is y a composite number?
False
Suppose 5*u - u = -2*j + 50, -4*j + 45 = -3*u. Suppose -d + c = -0*c - 32, 3*c = j. Is d a composite number?
False
Let v = 5 + -4. Let x(n) = 27*n**3 + 2*n**2 - 2*n + 1. Let f be x(v). Is f/8*(15 - 1) composite?
True
Suppose -6*o - 10 = -11*o. Let y(r) = -184*r**3 + 1 - o + r**2 + 1. Is y(-1) a composite number?
True
Let p(v) be the third derivative of -v**4/24 - v**3/6 + 2*v**2. Let j be p(3). Is ((-81)/12 - -2)*j a composite number?
False
Suppose -5*x = v + 3*v - 1029, -2*x + 1265 = 5*v. Is v a prime number?
True
Is (20/16 - -2)*4 a composite number?
False
Let y = 0 + 1. Suppose -2*l - y = -5. Suppose t = -4*b + 844, -3*t = -b + l*b - 211. Is b a prime number?
True
Let p = 16 - 5. Is p prime?
True
Suppose -4*c - 16 = 0, c + 24 = 4*y - 2*c. Suppose 4*a + y*b = 640, 4*a = a - 2*b + 479. Is a prime?
True
Suppose 2*v = -2*r + 58, -1 = 3*r - 2*r - 5*v. Suppose r = j - 25. Is j prime?
False
Suppose 5*z - 3*c - 167 = -61, -2*z - 2*c + 52 = 0. Is z prime?
True
Let a be (15/6 - 3)*-4. Suppose -2*s + 0*j + 2 = -5*j, -s + 4*j = a. Is s a prime number?
False
Let b = 313 - 177. Suppose -q = -27 - b. Is q a composite number?
False
Let w(b) = 7*b**2 + 3*b - 7. Let n be w(-5). Suppose 2*f + 3 = 7. Suppose -h - n = -3*q + f*h, -5*q = -h - 263. Is q a prime number?
True
Let p(o) = -7*o - 12. Is p(-13) a composite number?
False
Let u = -168 + 2